{"id":12359,"date":"2026-03-10T10:26:11","date_gmt":"2026-03-10T10:26:11","guid":{"rendered":"https:\/\/www.centros-sbc.com\/avis-legal\/"},"modified":"2026-03-10T10:30:31","modified_gmt":"2026-03-10T10:30:31","slug":"avis-legal","status":"publish","type":"page","link":"https:\/\/www.centros-sbc.com\/ca\/avis-legal\/","title":{"rendered":"Av\u00eds Legal"},"content":{"rendered":"\n<!-- Legal document generated by Complianz | GDPR\/CCPA Cookie Consent https:\/\/wordpress.org\/plugins\/complianz-gdpr -->\n<div id=\"cmplz-document\" class=\"cmplz-document impressum cmplz-document-all\"><p><i>Aquesta impressi\u00f3 es va actualitzar per \u00faltima vegada el 10 de mar\u00e7 de 2026.<\/i><\/p><p class=\"cmplz-subtitle\">El propietari d&#039;aquest lloc web \u00e9s:<\/p><p>Servicen Gesti\u00f3n 10 S.L. Sociedad Limitada<br>Cl Medes, 4 <br>Espanya<br>Correu electr\u00f2nic:&nbsp;<span class=\"cmplz-obfuscate\">&#105;n&#102;o&#114;m&#097;cio&#110;@<span class=\"cmplz-fmail-domain\">ex&#046;&#099;om<\/span>&#099;&#101;&#110;t&#114;&#111;s-s&#098;&#099;.&#099;o&#109;<\/span><br>Tel\u00e8fon: 902877192<br>n\u00famero d'IVA:&nbsp;B64222573<\/p><p class=\"cmplz-subtitle\">El(s) representant(s) legal(s) de Servicen Gesti\u00f3n 10 S.L. Sociedad Limitada:<\/p><p>Luis Angel Palacios<\/p><h2>1. General<\/h2><p>No estem disposats ni obligats a participar en procediments de resoluci\u00f3 de disputes davant una junta d'arbitratge de consum.<\/p><p class=\"cmplz-subtitle\">1.1 Unsere Berufshaftpflichtversicherung lautet:<\/p><p>C\/ MEDES, 4 08023<\/p><\/div>\n","protected":false},"excerpt":{"rendered":"","protected":false},"author":1,"featured_media":0,"parent":0,"menu_order":0,"comment_status":"closed","ping_status":"closed","template":"","meta":{"site-sidebar-layout":"default","site-content-layout":"default","ast-global-header-display":"","ast-main-header-display":"","ast-hfb-above-header-display":"","ast-hfb-below-header-display":"","ast-hfb-mobile-header-display":"","site-post-title":"","ast-breadcrumbs-content":"","ast-featured-img":"","footer-sml-layout":"","theme-transparent-header-meta":"","adv-header-id-meta":"","stick-header-meta":"","header-above-stick-meta":"","header-main-stick-meta":"","header-below-stick-meta":"","footnotes":""},"class_list":["post-12359","page","type-page","status-publish","hentry"],"yoast_head":"<!-- This site is optimized with the Yoast SEO plugin v26.4 - https:\/\/yoast.com\/wordpress\/plugins\/seo\/ -->\n<title>Av\u00eds Legal - SBC<\/title>\n<meta name=\"robots\" content=\"index, follow, max-snippet:-1, max-image-preview:large, max-video-preview:-1\" \/>\n<link rel=\"canonical\" href=\"https:\/\/www.centros-sbc.com\/ca\/avis-legal\/\" \/>\n<meta property=\"og:locale\" content=\"ca_ES\" \/>\n<meta property=\"og:type\" content=\"article\" \/>\n<meta property=\"og:title\" content=\"Av\u00eds Legal - SBC\" \/>\n<meta property=\"og:url\" content=\"https:\/\/www.centros-sbc.com\/ca\/avis-legal\/\" \/>\n<meta property=\"og:site_name\" content=\"SBC\" \/>\n<meta property=\"article:publisher\" content=\"https:\/\/www.facebook.com\/centrossbcbarcelona\" \/>\n<meta property=\"article:modified_time\" content=\"2026-03-10T10:30:31+00:00\" \/>\n<meta name=\"twitter:card\" content=\"summary_large_image\" \/>\n<meta name=\"twitter:site\" content=\"@CentrosSBC\" \/>\n<script type=\"application\/ld+json\" class=\"yoast-schema-graph\">{\"@context\":\"https:\/\/schema.org\",\"@graph\":[{\"@type\":\"WebPage\",\"@id\":\"https:\/\/www.centros-sbc.com\/ca\/avis-legal\/\",\"url\":\"https:\/\/www.centros-sbc.com\/ca\/avis-legal\/\",\"name\":\"Av\u00eds Legal - SBC\",\"isPartOf\":{\"@id\":\"https:\/\/www.centros-sbc.com\/#website\"},\"datePublished\":\"2026-03-10T10:26:11+00:00\",\"dateModified\":\"2026-03-10T10:30:31+00:00\",\"breadcrumb\":{\"@id\":\"https:\/\/www.centros-sbc.com\/ca\/avis-legal\/#breadcrumb\"},\"inLanguage\":\"ca\",\"potentialAction\":[{\"@type\":\"ReadAction\",\"target\":[\"https:\/\/www.centros-sbc.com\/ca\/avis-legal\/\"]}]},{\"@type\":\"BreadcrumbList\",\"@id\":\"https:\/\/www.centros-sbc.com\/ca\/avis-legal\/#breadcrumb\",\"itemListElement\":[{\"@type\":\"ListItem\",\"position\":1,\"name\":\"Portada\",\"item\":\"https:\/\/www.centros-sbc.com\/\"},{\"@type\":\"ListItem\",\"position\":2,\"name\":\"Av\u00eds Legal\"}]},{\"@type\":\"WebSite\",\"@id\":\"https:\/\/www.centros-sbc.com\/#website\",\"url\":\"https:\/\/www.centros-sbc.com\/\",\"name\":\"SBC\",\"description\":\"Centro de Negocios Barcelona. Alquiler despachos. DTO 25%\",\"publisher\":{\"@id\":\"https:\/\/www.centros-sbc.com\/#organization\"},\"potentialAction\":[{\"@type\":\"SearchAction\",\"target\":{\"@type\":\"EntryPoint\",\"urlTemplate\":\"https:\/\/www.centros-sbc.com\/?s={search_term_string}\"},\"query-input\":{\"@type\":\"PropertyValueSpecification\",\"valueRequired\":true,\"valueName\":\"search_term_string\"}}],\"inLanguage\":\"ca\"},{\"@type\":\"Organization\",\"@id\":\"https:\/\/www.centros-sbc.com\/#organization\",\"name\":\"Centros SBC\",\"url\":\"https:\/\/www.centros-sbc.com\/\",\"logo\":{\"@type\":\"ImageObject\",\"inLanguage\":\"ca\",\"@id\":\"https:\/\/www.centros-sbc.com\/#\/schema\/logo\/image\/\",\"url\":\"https:\/\/www.centros-sbc.com\/wp-content\/uploads\/2022\/12\/logosbc.png\",\"contentUrl\":\"https:\/\/www.centros-sbc.com\/wp-content\/uploads\/2022\/12\/logosbc.png\",\"width\":318,\"height\":116,\"caption\":\"Centros SBC\"},\"image\":{\"@id\":\"https:\/\/www.centros-sbc.com\/#\/schema\/logo\/image\/\"},\"sameAs\":[\"https:\/\/www.facebook.com\/centrossbcbarcelona\",\"https:\/\/x.com\/CentrosSBC\"]}]}<\/script>\n<!-- \/ Yoast SEO plugin. -->","yoast_head_json":{"title":"Av\u00eds Legal - SBC","robots":{"index":"index","follow":"follow","max-snippet":"max-snippet:-1","max-image-preview":"max-image-preview:large","max-video-preview":"max-video-preview:-1"},"canonical":"https:\/\/www.centros-sbc.com\/ca\/avis-legal\/","og_locale":"ca_ES","og_type":"article","og_title":"Av\u00eds Legal - SBC","og_url":"https:\/\/www.centros-sbc.com\/ca\/avis-legal\/","og_site_name":"SBC","article_publisher":"https:\/\/www.facebook.com\/centrossbcbarcelona","article_modified_time":"2026-03-10T10:30:31+00:00","twitter_card":"summary_large_image","twitter_site":"@CentrosSBC","schema":{"@context":"https:\/\/schema.org","@graph":[{"@type":"WebPage","@id":"https:\/\/www.centros-sbc.com\/ca\/avis-legal\/","url":"https:\/\/www.centros-sbc.com\/ca\/avis-legal\/","name":"Av\u00eds Legal - SBC","isPartOf":{"@id":"https:\/\/www.centros-sbc.com\/#website"},"datePublished":"2026-03-10T10:26:11+00:00","dateModified":"2026-03-10T10:30:31+00:00","breadcrumb":{"@id":"https:\/\/www.centros-sbc.com\/ca\/avis-legal\/#breadcrumb"},"inLanguage":"ca","potentialAction":[{"@type":"ReadAction","target":["https:\/\/www.centros-sbc.com\/ca\/avis-legal\/"]}]},{"@type":"BreadcrumbList","@id":"https:\/\/www.centros-sbc.com\/ca\/avis-legal\/#breadcrumb","itemListElement":[{"@type":"ListItem","position":1,"name":"Portada","item":"https:\/\/www.centros-sbc.com\/"},{"@type":"ListItem","position":2,"name":"Av\u00eds Legal"}]},{"@type":"WebSite","@id":"https:\/\/www.centros-sbc.com\/#website","url":"https:\/\/www.centros-sbc.com\/","name":"SBC","description":"Centro de Negocios Barcelona. Alquiler despachos. DTO 25%","publisher":{"@id":"https:\/\/www.centros-sbc.com\/#organization"},"potentialAction":[{"@type":"SearchAction","target":{"@type":"EntryPoint","urlTemplate":"https:\/\/www.centros-sbc.com\/?s={search_term_string}"},"query-input":{"@type":"PropertyValueSpecification","valueRequired":true,"valueName":"search_term_string"}}],"inLanguage":"ca"},{"@type":"Organization","@id":"https:\/\/www.centros-sbc.com\/#organization","name":"Centros SBC","url":"https:\/\/www.centros-sbc.com\/","logo":{"@type":"ImageObject","inLanguage":"ca","@id":"https:\/\/www.centros-sbc.com\/#\/schema\/logo\/image\/","url":"https:\/\/www.centros-sbc.com\/wp-content\/uploads\/2022\/12\/logosbc.png","contentUrl":"https:\/\/www.centros-sbc.com\/wp-content\/uploads\/2022\/12\/logosbc.png","width":318,"height":116,"caption":"Centros SBC"},"image":{"@id":"https:\/\/www.centros-sbc.com\/#\/schema\/logo\/image\/"},"sameAs":["https:\/\/www.facebook.com\/centrossbcbarcelona","https:\/\/x.com\/CentrosSBC"]}]}},"_links":{"self":[{"href":"https:\/\/www.centros-sbc.com\/ca\/wp-json\/wp\/v2\/pages\/12359","targetHints":{"allow":["GET"]}}],"collection":[{"href":"https:\/\/www.centros-sbc.com\/ca\/wp-json\/wp\/v2\/pages"}],"about":[{"href":"https:\/\/www.centros-sbc.com\/ca\/wp-json\/wp\/v2\/types\/page"}],"author":[{"embeddable":true,"href":"https:\/\/www.centros-sbc.com\/ca\/wp-json\/wp\/v2\/users\/1"}],"replies":[{"embeddable":true,"href":"https:\/\/www.centros-sbc.com\/ca\/wp-json\/wp\/v2\/comments?post=12359"}],"version-history":[{"count":1,"href":"https:\/\/www.centros-sbc.com\/ca\/wp-json\/wp\/v2\/pages\/12359\/revisions"}],"predecessor-version":[{"id":12360,"href":"https:\/\/www.centros-sbc.com\/ca\/wp-json\/wp\/v2\/pages\/12359\/revisions\/12360"}],"wp:attachment":[{"href":"https:\/\/www.centros-sbc.com\/ca\/wp-json\/wp\/v2\/media?parent=12359"}],"curies":[{"name":"wp","href":"https:\/\/api.w.org\/{rel}","templated":true}]}}

Avís Legal

<!-- Legal document generated by Complianz | GDPR/CCPA Cookie Consent https://wordpress.org/plugins/complianz-gdpr -->
<div id="cmplz-document" class="cmplz-document impressum cmplz-document-all"><p><i>Aquesta impressió es va actualitzar per última vegada el 10 de març de 2026.</i></p><p class="cmplz-subtitle">El propietari d&#039;aquest lloc web és:</p><p>Servicen Gestión 10 S.L. Sociedad Limitada<br>Cl Medes, 4 <br>Espanya<br>Correu electrònic:&nbsp;<span class="cmplz-obfuscate">&#105;n&#102;o&#114;m&#097;cio&#110;@<span class="cmplz-fmail-domain">ex&#046;&#099;om</span>&#099;&#101;&#110;t&#114;&#111;s-s&#098;&#099;.&#099;o&#109;</span><br>Telèfon: 902877192<br>número d'IVA:&nbsp;B64222573</p><p class="cmplz-subtitle">El(s) representant(s) legal(s) de Servicen Gestión 10 S.L. Sociedad Limitada:</p><p>Luis Angel Palacios</p><h2>1. General</h2><p>No estem disposats ni obligats a participar en procediments de resolució de disputes davant una junta d'arbitratge de consum.</p><p class="cmplz-subtitle">1.1 Unsere Berufshaftpflichtversicherung lautet:</p><p>C/ MEDES, 4 08023</p></div>

<!-- This site is optimized with the Yoast SEO plugin v26.4 - https://yoast.com/wordpress/plugins/seo/ -->
<title>Avís Legal - SBC</title>
<meta name="robots" content="index, follow, max-snippet:-1, max-image-preview:large, max-video-preview:-1" />
<link rel="canonical" href="https://www.centros-sbc.com/ca/avis-legal/" />
<meta property="og:locale" content="ca_ES" />
<meta property="og:type" content="article" />
<meta property="og:title" content="Avís Legal - SBC" />
<meta property="og:url" content="https://www.centros-sbc.com/ca/avis-legal/" />
<meta property="og:site_name" content="SBC" />
<meta property="article:publisher" content="https://www.facebook.com/centrossbcbarcelona" />
<meta property="article:modified_time" content="2026-03-10T10:30:31+00:00" />
<meta name="twitter:card" content="summary_large_image" />
<meta name="twitter:site" content="@CentrosSBC" />
<script type="application/ld+json" class="yoast-schema-graph">{"@context":"https://schema.org","@graph":[{"@type":"WebPage","@id":"https://www.centros-sbc.com/ca/avis-legal/","url":"https://www.centros-sbc.com/ca/avis-legal/","name":"Avís Legal - SBC","isPartOf":{"@id":"https://www.centros-sbc.com/#website"},"datePublished":"2026-03-10T10:26:11+00:00","dateModified":"2026-03-10T10:30:31+00:00","breadcrumb":{"@id":"https://www.centros-sbc.com/ca/avis-legal/#breadcrumb"},"inLanguage":"ca","potentialAction":[{"@type":"ReadAction","target":["https://www.centros-sbc.com/ca/avis-legal/"]}]},{"@type":"BreadcrumbList","@id":"https://www.centros-sbc.com/ca/avis-legal/#breadcrumb","itemListElement":[{"@type":"ListItem","position":1,"name":"Portada","item":"https://www.centros-sbc.com/"},{"@type":"ListItem","position":2,"name":"Avís Legal"}]},{"@type":"WebSite","@id":"https://www.centros-sbc.com/#website","url":"https://www.centros-sbc.com/","name":"SBC","description":"Centro de Negocios Barcelona. Alquiler despachos. DTO 25%","publisher":{"@id":"https://www.centros-sbc.com/#organization"},"potentialAction":[{"@type":"SearchAction","target":{"@type":"EntryPoint","urlTemplate":"https://www.centros-sbc.com/?s={search_term_string}"},"query-input":{"@type":"PropertyValueSpecification","valueRequired":true,"valueName":"search_term_string"}}],"inLanguage":"ca"},{"@type":"Organization","@id":"https://www.centros-sbc.com/#organization","name":"Centros SBC","url":"https://www.centros-sbc.com/","logo":{"@type":"ImageObject","inLanguage":"ca","@id":"https://www.centros-sbc.com/#/schema/logo/image/","url":"https://www.centros-sbc.com/wp-content/uploads/2022/12/logosbc.png","contentUrl":"https://www.centros-sbc.com/wp-content/uploads/2022/12/logosbc.png","width":318,"height":116,"caption":"Centros SBC"},"image":{"@id":"https://www.centros-sbc.com/#/schema/logo/image/"},"sameAs":["https://www.facebook.com/centrossbcbarcelona","https://x.com/CentrosSBC"]}]}</script>
<!-- / Yoast SEO plugin. -->

Avís Legal - SBC
